 the prime factors of z(-7).
53
Suppose 284 = y + 4*j, -2*y - 336 = 5*j - 889. List the prime factors of y.
2, 3, 11
Let q(t) = 19*t**2 + 14*t + 23. What are the prime factors of q(-2)?
71
Let f be 6/21 - (-290)/14. Let s be 186/12*(2 - 0). Let x = s - f. List the prime factors of x.
2, 5
Let o(f) = -f**3 + f**2 + f + 13. Let j(c) = c**3 - c**2. Let y be j(1). What are the prime factors of o(y)?
13
Suppose b + 4*z - 2 = 0, 0*z - 38 = -b + 5*z. What are the prime factors of b?
2, 3
Suppose -3*z + 4*t = -46 + 19, z + 7 = -4*t. Let j(v) = -v**2 - 7*v + 8. Let m be j(-7). Suppose -m = -z*d + 12. What are the prime factors of d?
2
Let q(t) = 4*t - 1. Let u be -3 + (0 - (1 + -6)). Suppose -3*l + 2*k + 9 - 3 = 0, l - u*k - 2 = 0. List the prime factors of q(l).
7
Let z = 35 + -16. List the prime factors of z.
19
Let i(n) = 10*n**3 + 2*n**2 - 1. Let f be i(1). Suppose 2*x + 0*x + f = z, -z - 2*x = -7. What are the prime factors of z?
3
Suppose -6*g + 62 = -4. List the prime factors of g.
11
Let g(n) = 9*n - 5. Let y(p) = 4*p - 2. Let t(s) = -4*g(s) + 10*y(s). Let j be t(5). List the prime factors of (16/j)/((-4)/(-30)).
2, 3
Let o(t) be the second derivative of -t**5/20 + 5*t**4/12 + t**3/2 - 3*t**2/2 + 5*t. What are the prime factors of o(3)?
2, 3
Suppose 2*g = -g + 33. Suppose -11 = -5*t - b, 4*t + 2 - 8 = 2*b. Suppose -t*p + g = -9. What are the prime factors of p?
2, 5
Suppose b - 5*s - 133 = -2*s, 4*b - 580 = -4*s. List the prime factors of b.
2, 71
Suppose 5*c - 24 = 1. List the prime factors of 47/2 + c/(-10).
23
List the prime factors of -40*7/(105/(-96)) - 0.
2
Suppose -4*y = -2*y. Suppose 0 = -4*w - y*w - 4*z + 92, -3*z - 3 = -w. List the prime factors of w.
2, 3
Let x = -15 + 13. Suppose 4 = -2*u - 24. What are the prime factors of x*u/(-6)*-3?
2, 7
Suppose -p - 4*p - 30 = 0. Let x(k) = -8*k - 7. Let s(t) = 16*t + 13. Let a(q) = p*s(q) - 11*x(q). What are the prime factors of a(-1)?
7
Let i(c) = c**3 - 10*c**2 - 6*c + 15. Let v be i(10). Let d = v + 74. What are the prime factors of d?
29
Let n(s) = s. Let b be n(2). Suppose 0 = 5*g + b*l - 107, 2*g - 8*l - 37 = -3*l. Let m = g - 7. List the prime factors of m.
2, 7
Let g = 27 - 6. List the prime factors of g.
3, 7
Let s be (0 - -9)*836/33. Suppose 0 = v + 5*v - s. What are the prime factors of v?
2, 19
Let t(i) = 7*i - 1. Let z(a) = a. Let v(c) = -t(c) + 2*z(c). Let j be v(3). List the prime factors of 2/(-7) - 270/j.
19
Suppose -m + 4*m = -3. List the prime factors of m/((-30)/(-33) - 1).
11
Let k(n) = -5*n. Let r be k(-3). Let a = r - 9. List the prime factors of a.
2, 3
Suppose 4*p + 11 = -3*j + 6*p, 5*j - 15 = -5*p. What are the prime factors of (-19*2/j)/2?
19
Let s be -2 - 0 - (1 + 8). Let p = s - -13. List the prime factors of p.
2
Let v(t) = t + 13 + 13 - 6 - 5. Let k be v(-7). Let l(r) = r - 1. List the prime factors of l(k).
7
Let t be -1 - -2 - 3 - -9. List the prime factors of 12/(-3 + t)*7.
3, 7
Let h(a) = -4*a. Let n be h(1). Let u = n + 6. Suppose 5*r = 2*j + j - 53, -8 = u*r. List the prime factors of j.
11
Let d = -2051 - -1116. List the prime factors of d/(-35) - 4/(-14).
3
Let g = 69 + -9. What are the prime factors of g?
2, 3, 5
Let c = -50 + 52. List the prime factors of c.
2
Let t(o) = -7 + 3*o**2 + 5 + 2*o - 3. What are the prime factors of t(-4)?
5, 7
Suppose -4*v + 28 = -0*v. What are the prime factors of v?
7
Let b(v) be the first derivative of -15*v**2/2 - v + 5. List the prime factors of b(-1).
2, 7
Let r = 48 + 0. What are the prime factors of r?
2, 3
Let l(v) = v**3 - v**2 - 19*v + 14. What are the prime factors of l(7)?
5, 7
Suppose -4*k - 1 = -5. Let i = k + 4. Suppose 0*v - 2*v + 15 = b, 0 = -i*v + 5*b + 30. What are the prime factors of v?
7
Suppose -24 = 3*d - 7*d. List the prime factors of d.
2, 3
Suppose -5*b - 5*v = -13 - 12, 5*v = -3*b + 25. Let w be b/(-4) - (-1 - -6). Let d = 9 + w. List the prime factors of d.
2
Let h be (-4)/(-6) + 228/9. Suppose -8*v + 3*x = -4*v - 35, v - h = -5*x. List the prime factors of v.
11
What are the prime factors of (-1 - -5) + (-198)/(-11)?
2, 11
Let p be -2*(0 - (-6)/(-3)). What are the prime factors of (-3 + p)/((-5)/(-195))?
3, 13
Suppose 3*n - 2*w = 139, 5*n - w - 240 = 4*w. What are the prime factors of (-4)/(-10) + n/5?
3
Let d = -16 - -64. Let t = d - 5. List the prime factors of t.
43
Let c be ((-3)/(-1))/(1 - 0). Let y be (2/c)/(3/18). Suppose -8 = -d + y*v - 3*v, -5*d - 3*v = -32. What are the prime factors of d?
7
Suppose -3*k - p + 167 = 595, -3*k + 5*p - 398 = 0. Let n = -71 - k. Suppose 6*b = 11*b - n. List the prime factors of b.
2, 7
Let z(x) = -9*x + 7. Let b be z(3). Let w(h) = -h**3 - 5*h**2 - 6*h - 6. Let s be w(-4). List the prime factors of (25/b)/(s/(-8)).
5
Let c(b) = -b**3 + 6*b**2 + b - 4. Let f be c(6). Suppose -26 = -f*m + 42. List the prime factors of m.
2, 17
Let p be 2*((-38)/4 + 1). Let s = p + 30. Suppose 3*q = -4*c + 51, -2*c + 2*q = q - s. List the prime factors of c.
3
Let o = 17 + 8. What are the prime factors of o?
5
Let b(p) = p + 11. List the prime factors of b(0).
11
Let v = 26 + 63. List the prime factors of v.
89
Let t(j) = 11*j**2 - 16*j**2 - 13*j**2. Let z be t(-1). List the prime factors of (z/(-2))/(3/2).
2, 3
Let h(j) = 2*j - 11. Let d be h(6). Let x = 6 - d. List the prime factors of x.
5
Let j(v) = -2*v - 3. Let a be j(-3). Suppose a*i - 2*i = 21. What are the prime factors of i?
3, 7
Let f(j) be the first derivative of j**3/3 + 3*j**2 + 7*j - 2. Let k be f(-5). Suppose -k*q + 38 = 4*o, -o = 2*o - 9. What are the prime factors of q?
13
Suppose -20 = -d + 8. What are the prime factors of (-58)/(-7) + (-8)/d?
2
Let l = -5 - -7. Suppose -d - 9 = -l*p, 3*d + 0*d = -9. Suppose -5*b + 68 = -3*q, -2*q + p*q - 12 = -b. What are the prime factors of b?
13
Let k(w) = w**2 - 5*w. Let r be k(5). Suppose 3*o - 33 = -r*o. What are the prime factors of o?
11
Suppose -j = 5*x - 143, -3*x = 5*j - 2*x - 667. What are the prime factors of j?
7, 19
Let o be ((-3)/6)/((-2)/4). Suppose 2*j - 7 - o = 0. Suppose 12 = w + j. List the prime factors of w.
2
Let v(q) = q**3 - 2*q**2 - 1. Let p be v(3). Suppose 0*o = o - p. Suppose -u - 3*u + o = 0. What are the prime factors of u?
2
Let n be 6/3 - (-49 - -3). Let q = -32 + n. What are the prime factors of q?
2
Suppose -4*a = -2*a - 74. Let z be 2 + -6*(-3)/6. Suppose -4*j - 27 = -4*f + z, 4*f - a = -j. List the prime factors of f.
3
Let p(u) = 9*u**3 - u**2 - u. Let g(n) = n - 1. Let f be g(0). Let t be p(f). Let y = 16 + t. List the prime factors of y.
7
Let v(t) = t**3 + 3*t**3 + 9 - 6*t + 7*t**2 - 5*t**3. Suppose 24 = 6*i - 2*i. List the prime factors of v(i).
3
Let c = 12 - 34. Let y = c + 31. What are the prime factors of y?
3
Let f(o) = 4*o. Let y(g) = 0*g + 1 - g - 5. Let a be y(-6). List the prime factors of f(a).
2
Let n = 13 + -10. Suppose -n - 9 = -t. Suppose -6 - t = -f. List the prime factors of f.
2, 3
Suppose 3*y + 10 = -2*y. Let o(q) = q**2. Let n be o(y). Suppose -n*v - 6 + 42 = 0. What are the prime factors of v?
3
Suppose -2*k - 3 = -k. Let u = k + 7. Suppose u = o - 7. List the prime factors of o.
11
Suppose 32*b + 104 = 36*b. List the prime factors of b.
2, 13
Let l(y) = 2*y - 4. Suppose 0 = -5*o + 4*z + 150, 4*o = 4*z - 16 + 140. Suppose 0 = 4*s - o - 6. List the prime factors of l(s).
2, 3
Suppose 3*c - 107 = -4*s, -3*s + c - 3*c + 79 = 0. What are the prime factors of s?
23
What are the prime factors of 11664/44 - (-2)/(-22)?
5, 53
Let b = -48 + 252. List the prime factors of b.
2, 3, 17
Let s be 0 + (-3 - (-66)/3). Suppose 20 = 3*z - s. List the prime factors of z.
13
Suppose 2*x - 15 = -3*x. Suppose -60 = -x*m - 2*m. Suppose 0*w - 3*w + m = 0. List the prime factors of w.
2
Suppose -4*a - 1 = -5. What are the prime factors of (-20)/(-8)*(1 + a)?
5
Suppose -1 = -5*m + i, 2*m - 2*i = -2*m + 2. Suppose -4*v + 6 + 6 = m. Suppose -5*w + 4*o = -111, v*o - 5 = -2*o. List the prime factors of w.
23
Let n(y) = -y**3 + 4*y**2 + 13*y - 3. Let z be n(6). Let x(f) = 3*f**2 + 6*f - 5. List the prime factors of x(z).
2, 5
Let r(k) = k**2 - 3*k. Let t be r(4). Suppose 5*u - 4*i = 123, 2*u = -t*i + 35 + 3. What are the prime factors of u?
23
Suppose -3*f - u = 0, -5*f - u = -5*u. Let r be (-12)/30*(5 + f). What are the prime factors